ose 5*p + 3*i - 1801 = 4*p, 5*p - 9005 = -w*i. Is p a composite number?
False
Let h(p) = 273*p + 59. Let b be (6 - 0) + -2*1. Is h(b) prime?
True
Suppose 686448 + 421995 = 28*f - 7*f. Is f a composite number?
False
Let f(i) = 4*i**3 + 470*i**2 + 222*i - 115. Is f(-116) composite?
False
Suppose -26*h + 86*h - 33626233 = -41*h. Is h a prime number?
True
Let d(a) = 1408*a**2 - 67*a + 706. Is d(9) a prime number?
False
Let r(i) = 1574*i - 93. Let k be r(-3). Let w = -1382 - k. Is w composite?
False
Suppose 810 + 1754 = 2*g + 5*j, 5*j = 0. Suppose 3 = l, 2*h - 4*h + g = 2*l. Suppose 11*u = 13*u - h. Is u a prime number?
False
Suppose -59*a + 240*a - 7821553 = 0. Is a a composite number?
True
Suppose 50 + 158 = -8*c. Let w be (-4)/c + (-7619)/(-247). Is ((-2)/(-4))/(w/91574) composite?
True
Let q(s) = 3*s + 42. Let o be q(-20). Let d be o/(-27) + (-25)/(-3). Suppose 1784 = -k + d*k. Is k prime?
True
Suppose -19 = -9*b + 17. Suppose b*p = 2*p + 4856. Suppose 0 = 5*j + 3*y + y - 6073, 2*j - p = -y. Is j prime?
True
Suppose 5*m + 4*h - 42 = 0, -m = 2*m + 5*h - 33. Suppose m*z - 20447 = -z. Is z a composite number?
True
Suppose -5*d - 2*a = -51303 - 14690, -2*a + 52794 = 4*d. Is d a composite number?
True
Let w(c) = 5*c**2 - 47*c - 25. Let j be ((-148)/(-296))/((-2)/(-96)*-1). Is w(j) a composite number?
True
Let w(t) = -5*t - 6. Let p = 26 + -29. Let o be w(p). Suppose -10*c = -m - o*c + 650, 5*c = -3*m + 1926. Is m a prime number?
True
Suppose 14*d = 13*d + 11. Let b(s) = -148*s - 43. Let i(n) = n. Let m(g) = -b(g) + 2*i(g). Is m(d) a composite number?
False
Let d be 0 - -636 - ((-2 - 2) + 6). Suppose -2*s = -2*v - d, 3*s - 323 = 2*s - 2*v. Is s composite?
True
Suppose o + 6 = 4*o. Suppose o = -s + 5. Suppose -2*c - s = 5, -5*x + 5*c = -7405. Is x composite?
True
Let d = -23 + 22. Let c(l) = -l**3 + l + 1. Let i(r) = -3*r**3 - 13*r**2 - 5. Let h(p) = d*i(p) + 4*c(p). Is h(7) a prime number?
True
Let g(c) = 1571*c**3 + c**2 + c - 1. Let u be g(1). Let h = 7207 + u. Is h prime?
True
Let f = -10149 - -63694. Is f a composite number?
True
Suppose 3*f = -6*f + 54. Suppose -f*z + 8*z = 358. Is z composite?
False
Let l = -43598 - -111844. Is l a prime number?
False
Let l = 35 + -74. Let f = -35 - l. Suppose -f*n + 82 = 5*j, 68 - 28 = 2*n + 3*j. Is n prime?
True
Let a be (203 - 2)*(-3)/(-9). Let c = 226 + a. Is c a composite number?
False
Let i = 968 - 1916. Let a = 1901 + i. Is a composite?
False
Suppose 916782 = 4*v - r - 79239, -4*v - 2*r = -996018. Is v composite?
True
Is (307114/(-16))/(145/(-1160)) a composite number?
False
Suppose -5*r + 0*r - 40 = 3*d, -40 = 5*r - 4*d. Let i(n) = -n - 6. Let f be i(r). Suppose -4*y + 1174 = -f*y. Is y composite?
False
Is 144223 + (-11)/(-33) + 52/(-12) a prime number?
False
Suppose 19*f = -1 + 77. Suppose 3*q + 2*s - 6276 = 9641, 16 = f*s. Is q a prime number?
True
Suppose 3*u = 14*u + 209. Let k be (-8 + 0)/2 - u. Suppose 0 = k*s - 17*s + 1282. Is s a composite number?
False
Let a be 30 + 7 + -7 + 6. Let n = a + 1763. Is n prime?
False
Let t(y) = -1962*y - 2611. Is t(-40) composite?
False
Let z(c) = c**3 + 6*c**2 + 10*c + 2. Let r be z(-4). Let k(f) = -28*f**2 - 6*f + 1. Let u be k(-7). Is 2*u/r*1 a prime number?
True
Let o(c) = c. Let u(b) = 136*b - 2. Let h(l) = o(l) + u(l). Suppose -2*a - 3*k = -13, 3*a + 2*k = 22 - 5. Is h(a) a prime number?
True
Let w(l) = 3*l - 105. Let t be w(0). Let i = t + 113. Suppose 6803 = 4*r + 3*b, i*b - 10*b = 6. Is r a composite number?
True
Let b(y) = 542*y**2 + 7*y - 12. Let q(w) = 181*w**2 + 2*w - 4. Let o(r) = 4*b(r) - 11*q(r). Is o(-5) a composite number?
False
Let a(s) = 61*s**2 - 18*s + 28. Is a(25) composite?
True
Let h(g) = 5*g - 31. Let y be h(7). Let u be 655/95 - y/(-38). Suppose u*b + 11216 = 23*b. Is b a composite number?
False
Let n be (5/3)/(1/3). Let q(p) = 925*p + 6*p**2 - 927*p - 2 - 7*p**2 + 12*p**2. Is q(n) prime?
True
Suppose 18*a + 709720 - 40943 = 4023815. Is a a composite number?
False
Let m = -269604 - -535513. Is m prime?
False
Suppose 0 = 6*p - 39 + 3. Is (2/p)/((-41)/(-25953)) composite?
False
Let d be ((-8)/3)/((-6)/54). Suppose 15*z + 43587 = d*z. Is z composite?
True
Let x(u) = 417*u**2 + 1015*u - 9. Is x(-7) a prime number?
False
Let r be 12/(-60) - (-44)/20. Suppose r*i + 19*i - 52563 = 0. Is i composite?
False
Suppose 72*i = 74*i - 44. Let r = i + -20. Suppose -5*p = -r*v + 193, -8*p = v - 3*p - 74. Is v prime?
True
Suppose 1056240 - 3760433 - 3489064 = -21*p. Is p a prime number?
False
Suppose 35*f - 54819066 - 188529663 = -58*f. Is f a prime number?
False
Let b = -30797 + 66526. Is b composite?
False
Let h(n) = -10700*n + 2607. Is h(-11) a prime number?
False
Suppose -5*p - 384017 = 33*u - 35*u, 2*u + p = 383975. Is u composite?
True
Let c = 283316 + -139589. Suppose -4*k + 86231 = 3*i - 0*i, -2*k - c = -5*i. Is i composite?
True
Let r = 963 - 550. Suppose -r - 2742 = -5*q. Is q composite?
False
Let k(a) = -a**2 + 7*a - 15. Let l be k(5). Is (-8185)/10*(-3 + l/(-5)) a prime number?
True
Is 12/10*32001 + 31/(-155) composite?
True
Let f(t) = -t**3 + 17*t**2 - 9*t + 14. Let p be f(16). Suppose p = -5*q + 14*q. Is q + 6369 - -2*1 a prime number?
False
Let y = 33 + 5. Let z = y + -46. Let j(p) = -p**3 - 7*p**2 - 14*p - 19. Is j(z) prime?
True
Suppose 22 = -2*q + 13*q. Suppose t - 4*t = -f + 770, -4*t - 1542 = -q*f. Let j = 18 + f. Is j composite?
True
Let j be -1*(4*(1 + 0) - 4). Suppose 10*q - 21809 - 7481 = j. Is q a composite number?
True
Suppose 11*g - 698927 = g - 113557. Is g prime?
True
Suppose 4*j + 4*g - 388 = 0, 31*j - 493 = 26*j + 3*g. Suppose j*a - 25698 = 92*a. Is a a prime number?
True
Suppose -6*i + 10*i - 12 = 0. Suppose 27848 = 2*o - i*f, -o + 0*f + 13922 = -2*f. Suppose -9*l - l + o = 0. Is l a composite number?
True
Let w = 107 - 102. Suppose -w*q - 6 = 19, 3*s - q = 24428. Is s prime?
False
Suppose -2*r + 13 = -3*r - 4*o, 0 = -4*r - 4*o - 4. Suppose -r*v - 2*n = 8996, 2*v - 5*n - 645 + 6636 = 0. Is 2/(3 + 8990/v) prime?
True
Let g(t) = 31*t**3 - 68*t**2 - 88*t + 8. Is g(23) composite?
True
Let u(h) = -35*h**2 - 16 - 47 + 2 + 30*h - 2*h**3 - 10. Is u(-21) a composite number?
True
Let v(p) = 9249*p**2 + 18*p + 112. Is v(-5) composite?
True
Suppose 4*b = u - 23, -7*b - 5*u = -3*b + 29. Let q be 5/2 - 1/(-12)*b. Is 2043 - (-3 + 2/q) prime?
False
Let i = 10689 - 1100. Let u = 17052 - i. Is u composite?
True
Suppose -9 = -2*t - 1. Suppose -2*y + 70 = t*o, o = 2*y + 5 - 0. Suppose 11*n = o*n - 1532. Is n a prime number?
True
Suppose 0 = -2*u + 2*k + 15170, -14865 = -3*u + 5*k + 7894. Is u composite?
False
Suppose c + 33*i = 28*i + 75021, 5*i - 375065 = -5*c. Is c a composite number?
False
Let o = -531611 + 800764. Is o composite?
True
Let v(j) = 3*j**2 + 15*j + 11. Let k be v(-9). Suppose -116*r = -k*r + 1842. Is r a prime number?
False
Let d(g) = -1259*g - 77. Let k be d(-5). Let u = -3355 + k. Is u a composite number?
True
Let l = 3107 - -1753. Let k = l - 1114. Is k composite?
True
Let j(c) = 8 + 621*c - 619*c + 350*c**2 + 1. Is j(-2) prime?
False
Suppose 0 = g + 2*v - 2 + 5, 2*g = 5*v + 30. Let m(i) = i**2 - 7*i + 11. Let s be m(g). Is (1 - s/(-1)) + 125 a composite number?
False
Let s(d) = 118*d**2 - 10*d - 1. Suppose t - 2*n = -8, 4*t + 2*n + 1 = -1. Let o be 2 - 0 - ((-1 - t) + -2). Is s(o) a prime number?
True
Let w = 3516165 - 2119742. Is w a composite number?
True
Is (-17 + 0)/51*-918537 a prime number?
False
Let d = 3944645 + -2302434. Is d a composite number?
False
Let i be (-2 - 1) + (-318 - -5). Let t be 1/3 - -5*i/60. Is (t/(-4))/(0 + (-1)/(-334)) a composite number?
True
Suppose o = 3*j - 288349, -253*o + 255*o + 384460 = 4*j. Is j prime?
False
Suppose 0 = -3*g - 4*m + 511267, 2854*g = 2853*g + 5*m + 170416. Is g a composite number?
True
Let p = 488484 - 293363. Is p a composite number?
False
Let c(p) = 46*p**3 - 5*p**2 + 8*p + 36. Is c(5) a prime number?
True
Let s = -656 - -656. Let a(b) be the first derivative of -b**3/3 + 4*b**2 + 15*b + 6. Is a(s) a prime number?
False
Suppose 1 + 1 = -c. Let m(s) = -748*s - 15. Is m(c) composite?
False
Suppose -4*n - 5*f = -3 + 10, 3*f + 19 = 5*n. Suppose -5620 - 11812 = -n*b. Is ((-3 - -2)/1)/((-4)/b) a prime number?
True
Let y = -359 - -357. Is 540 - (y + -3)*(-6)/(-30) a compos